 is divided by 411.
61
What is the remainder when 15864 is divided by 634?
14
What is the remainder when 30552 is divided by 97?
94
Calculate the remainder when 115040 is divided by 57506.
28
What is the remainder when 748669 is divided by 32?
29
What is the remainder when 1458 is divided by 1428?
30
What is the remainder when 6254 is divided by 2079?
17
What is the remainder when 61124 is divided by 489?
488
Calculate the remainder when 44950 is divided by 8.
6
Calculate the remainder when 6634 is divided by 12.
10
What is the remainder when 7942498 is divided by 250?
248
What is the remainder when 35060 is divided by 11667?
59
Calculate the remainder when 9286 is divided by 108.
106
What is the remainder when 5841 is divided by 35?
31
Calculate the remainder when 4281 is divided by 812.
221
Calculate the remainder when 10529 is divided by 20.
9
What is the remainder when 3626 is divided by 34?
22
Calculate the remainder when 5787 is divided by 231.
12
Calculate the remainder when 186 is divided by 26.
4
What is the remainder when 100700 is divided by 8386?
68
Calculate the remainder when 284461 is divided by 19.
12
Calculate the remainder when 16035 is divided by 8006.
23
Calculate the remainder when 7653 is divided by 247.
243
What is the remainder when 1457796 is divided by 1457793?
3
What is the remainder when 60652 is divided by 13?
7
Calculate the remainder when 5792 is divided by 46.
42
What is the remainder when 3229 is divided by 73?
17
What is the remainder when 166446 is divided by 27?
18
Calculate the remainder when 26065 is divided by 844.
745
What is the remainder when 3221 is divided by 491?
275
What is the remainder when 21924 is divided by 510?
504
Calculate the remainder when 1727444 is divided by 1724.
1720
Calculate the remainder when 1800478 is divided by 22.
20
What is the remainder when 94244 is divided by 238?
234
What is the remainder when 3731 is divided by 1229?
44
What is the remainder when 190614 is divided by 559?
554
Calculate the remainder when 31049 is divided by 53.
44
What is the remainder when 18584 is divided by 3096?
8
Calculate the remainder when 1330990 is divided by 8.
6
Calculate the remainder when 2072 is divided by 359.
277
Calculate the remainder when 14489 is divided by 315.
314
What is the remainder when 22480 is divided by 884?
380
Calculate the remainder when 7027 is divided by 3083.
861
What is the remainder when 12444 is divided by 416?
380
What is the remainder when 6270 is divided by 117?
69
What is the remainder when 10589 is divided by 32?
29
What is the remainder when 413990 is divided by 57?
56
Calculate the remainder when 170204 is divided by 750.
704
What is the remainder when 2160 is divided by 569?
453
Calculate the remainder when 14988 is divided by 14977.
11
Calculate the remainder when 24198 is divided by 2680.
78
What is the remainder when 4046 is divided by 117?
68
What is the remainder when 7790 is divided by 7785?
5
What is the remainder when 199164 is divided by 65?
4
What is the remainder when 1063 is divided by 241?
99
What is the remainder when 41995 is divided by 132?
19
Calculate the remainder when 459457 is divided by 357.
355
What is the remainder when 316910 is divided by 1140?
1130
Calculate the remainder when 1787 is divided by 4.
3
What is the remainder when 487838 is divided by 27?
2
What is the remainder when 86505 is divided by 167?
166
What is the remainder when 59032 is divided by 1021?
835
Calculate the remainder when 5677 is divided by 34.
33
Calculate the remainder when 113040 is divided by 769.
766
Calculate the remainder when 19141 is divided by 186.
169
What is the remainder when 2227 is divided by 35?
22
What is the remainder when 337070 is divided by 34?
28
What is the remainder when 8839 is divided by 1262?
5
What is the remainder when 3110 is divided by 149?
130
What is the remainder when 17277 is divided by 12?
9
Calculate the remainder when 148004 is divided by 42.
38
What is the remainder when 39053 is divided by 3002?
27
What is the remainder when 158894 is divided by 33?
32
What is the remainder when 7551 is divided by 7549?
2
What is the remainder when 24872 is divided by 311?
303
Calculate the remainder when 10630 is divided by 1180.
10
Calculate the remainder when 15719 is divided by 131.
130
What is the remainder when 8245 is divided by 43?
32
Calculate the remainder when 29057 is divided by 87.
86
What is the remainder when 213249 is divided by 6272?
1
What is the remainder when 198371 is divided by 53?
45
What is the remainder when 2305 is divided by 89?
80
What is the remainder when 2501 is divided by 98?
51
What is the remainder when 7741 is divided by 516?
1
What is the remainder when 313285 is divided by 908?
25
Calculate the remainder when 1359562 is divided by 267.
265
What is the remainder when 388653 is divided by 388650?
3
Calculate the remainder when 22225 is divided by 76.
33
What is the remainder when 77273 is divided by 174?
17
What is the remainder when 5995 is divided by 111?
1
What is the remainder when 22956 is divided by 762?
96
What is the remainder when 673037 is divided by 278?
277
Calculate the remainder when 495810 is divided by 62.
58
Calculate the remainder when 6627 is divided by 1165.
802
Calculate the remainder when 27660 is divided by 1720.
140
Calculate the remainder when 710450 is divided by 49.
48
What is the remainder when 14165 is divided by 37?
31
Calculate the remainder when 677901 is divided by 109.
30
What is the remainder when 28288 is divided by 24?
16
Calculate the remainder when 39612 is divided by 90.
12
Calculate the remainder when 526 is divided by 171.
13
What is the remainder when 57521 is divided by 899?
884
Calculate the remainder when 656 is divided by 331.
325
What is the remainder when 64061 is divided by 1308?
1277
What is the remainder when 209348 is divided by 530?
528
What is the remainder when 46995 is divided by 30?
15
What is the remainder when 553538 is divided by 1139?
1123
Calculate the remainder when 13770 is divided by 6.
0
What is the remainder when 7761 is divided by 18?
3
Calculate the remainder when 817 is divided by 110.
47
What is the remainder when 3608 is divided by 26?
20
Calculate the remainder when 255925 is divided by 37.
33
Calculate the remainder when 3187 is divided by 793.
15
What is the remainder when 1243 is divided by 34?
19
What is the remainder when 7260 is divided by 22?
0
What is the remainder when 3497 is divided by 81?
14
Calculate the remainder when 4794 is divided by 100.
94
What is the remainder when 54918 is divided by 1220?
18
Calculate the remainder when 4663 is divided by 420.
43
Calculate the remainder when 1659 is divided by 938.
721
Calculate the remainder when 7168 is divided by 39.
31
What is the remainder when 232297 is divided by 568?
553
Calculate the remainder when 2578 is divided by 1260.
58
Calculate the remainder when 15449 is divided by 150.
149
Calculate the remainder when 4555 is divided by 4477.
78
Calculate the remainder when 6489 is divided by 1895.
804
What is the remainder when 1880 is divided by 929?
22
Calculate the remainder when 933 is divided by 124.
65
Calculate the remainder when 6972 is divided by 367.
366
Calculate the remainder when 101216 is divided by 430.
166
Calculate the remainder when 24660 is divided by 338.
324
Calculate the remainder when 28468 is divided by 28461.
7
Calculate the remainder when 22690 is divided by 11335.
20
What is the remainder when 50189 is divided by 12544?
13
What is the remainder when 29030 is divided by 14515?
0
What is the remainder when 10371 is divided by 39?
36
Calculate the remainder when 2275 is divided by 324.
7
What is the remainder when 9850 is divided by 822?
808
Calculate the remainder when 120226 is divided by 15028.
2
What is the remainder when 6359 is divided by 144?
23
What is the remainder when 205104 is divided by 635?
634
What is the remainder when 17916 is divided by 112?
108
What is the remainder when 3516 is divided by 1577?
362
What is the remainder when 15700 is divided by 204?
196
Calculate the remainder when 83630 is divided by 16.
14
Calculate the remainder when 6049 is divided by 19.
7
Calculate the remainder when 25992 is divided by 268.
264
Calculat